
70637
What is -4634764 (base 10) in base 6?
-243201124
What is 1aa19 (base 11) in base 14?
a8c5
What is 100011010101000 (base 2) in base 11?
12654
Convert -2210303132 (base 4) to base 12.
-286792
What is -1001033001 (base 4) in base 12?
-10a769
What is 33023401 (base 5) in base 6?
10022024
Convert 600760 (base 10) to base 12.
24b7b4
Convert 40557 (base 10) to base 15.
c03c
What is 10110344430 (base 5) in base 9?
21247045
110324500 (base 6) to base 2
111100100111111010100
Convert 1510c56 (base 13) to base 16.
66724e
Convert 21110201 (base 3) to base 11.
4101
-49b47 (base 15) to base 5
-30013132
What is -116520 (base 7) in base 5?
-1142100
Convert 60957 (base 12) to base 8.
365523
-6161751 (base 9) to base 3
-20012001211201
Convert -28b8a (base 13) to base 10.
-76671
Convert -20101210122 (base 3) to base 14.
-33ca0
Convert 10003414 (base 5) to base 15.
18459
Convert -32410213 (base 5) to base 14.
-7386c
Convert 20a64 (base 11) to base 14.
b1d0
Convert 60152543 (base 7) to base 6.
254314012
-212424 (base 12) to base 3
-222112200101
What is -4abdd (base 15) in base 16?
-3a555
What is -1062335 (base 7) in base 8?
-403462
3b59b (base 15) to base 9
320002
What is -11115665 (base 7) in base 14?
-1b0a6c
What is -121891 (base 11) in base 15?
-3c18c
Convert 3daaa5 (base 14) to base 4.
20023003121
Convert 416d7 (base 16) to base 5.
32033431
-231550522 (base 6) to base 3
-22002000111012
6b1443 (base 12) to base 3
10020120010020
What is -476076 (base 8) in base 5?
-20203003
-31102312 (base 5) to base 4
-331320101
-100101011001010001000001 (base 2) to base 16
-959441
What is b52d (base 16) in base 14?
12c8d
59857 (base 10) to base 16
e9d1
What is -8865054 (base 9) in base 4?
-102023310010
What is 10104413 (base 5) in base 12?
3b456
What is 3120002113 (base 5) in base 14?
bcaa57
644bb (base 12) to base 16
203cf
What is -6333551 (base 7) in base 14?
-15ca28
Convert -1001421330 (base 5) to base 12.
-7b74a3
What is 1054133 (base 7) in base 6?
2450535
-145062 (base 9) to base 3
-11112002002
What is -10101010010101001 (base 2) in base 16?
-154a9
6522161 (base 7) to base 12
324445
Convert 303810 (base 10) to base 3.
120102202020
Convert 14da04 (base 14) to base 3.
1101001011121
What is -1511 (base 15) in base 3?
-20012021
4252060 (base 7) to base 16
7e34f
-432114014 (base 5) to base 13
-4c2068
What is 5433305 (base 7) in base 15?
d1a72
Convert 49a3de (base 16) to base 6.
251234542
22220022111012 (base 3) to base 5
2202330413
Convert 313031212 (base 4) to base 9.
374187
Convert -341573 (base 11) to base 9.
-1017767
Convert 100100000100001000010 (base 2) to base 12.
48ba82
46015 (base 7) to base 15
36d4
-146b33 (base 16) to base 13
-37b118
Convert -4003351 (base 6) to base 2.
-101101110000010011
What is -142322234 (base 7) in base 10?
-9350303
Convert 23021000323 (base 4) to base 11.
1715247
-141421004 (base 5) to base 8
-2626725
1011404104 (base 5) to base 2
111110110111010000000
What is -13085 (base 13) in base 3?
-1210100222
What is 2212220121020 (base 3) in base 13?
419016
Convert 37138b (base 12) to base 7.
10412111
Convert -20a9890 (base 12) to base 3.
-102122210111200
-dc1e1 (base 15) to base 6
-22552221
What is -ba0c85 (base 14) in base 12?
-213b485
-100010011111100110111 (base 2) to base 8
-4237467
Convert 25255402 (base 6) to base 12.
334562
Convert cb869 (base 16) to base 6.
25511241
What is -220303233 (base 4) in base 2?
-101000110011101111
Convert -2505144 (base 8) to base 15.
-d9a28
What is -1004621 (base 11) in base 9?
-3308408
What is 1207875 (base 10) in base 8?
4467103
Convert -112211200210101 (base 3) to base 5.
-4004340044
-2743858 (base 10) to base 12
-b03a6a
What is 11100001100101101110 (base 2) in base 16?
e196e
What is -a01826 (base 15) in base 14?
-101b42d
-1628074 (base 13) to base 12
-2479954
-111110001010101101 (base 2) to base 13
-8bb96
Convert -110211022020202 (base 3) to base 10.
-6816332
100334244 (base 5) to base 4
1202100101
-ec960 (base 16) to base 5
-222002211
What is -144165045 (base 7) in base 10?
-9562530
-21323006 (base 7) to base 4
-12330211001
What is 33323120 (base 4) in base 5?
4041430
Convert -21212130331 (base 4) to base 15.
-34aab7
Convert 22124520 (base 6) to base 13.
1a3679
What is -11110201122112 (base 3) in base 6?
-122533152
112023110 (base 4) to base 10
90836
Convert -100110111101101 (base 2) to base 14.
-73ad
What is -111010110100111100 (base 2) in base 16?
-3ad3c
What is 31527 (base 13) in base 3?
11111202100
What is 11200001211 (base 3) in base 10?
91903
-2b459 (base 13) to base 6
-1431451
-990 (base 13) to base 7
-4530
What is 10210110101 (base 4) in base 7?
13114520
512b7 (base 13) to base 6
3041322
Convert 261645 (base 10) to base 14.
6b4cd
What is -188745 (base 12) in base 8?
-1507045
What is -126caa (base 14) in base 6?
-21325234
-142241 (base 9) to base 12
-4239a
22322130 (base 5) to base 2
110000011100001111
What is 643709 (base 11) in base 9?
1838452
What is -2266256 (base 7) in base 8?
-1055513
What is -506163 (base 7) in base 11?
-59832
What is 1872061 (base 9) in base 15?
15b74d
What is 70291a (base 14) in base 7?
44030133
What is -1137295 (base 10) in base 5?
-242343140
-300462 (base 9) to base 14
-489a7
-530964 (base 12) to base 14
-260820
211001202 (base 4) to base 2
100101000001100010
What is 87787 (base 11) in base 16?
1f19b
What is -20b3a9a (base 12) in base 15?
-8290c1
Convert 2200002222202 (base 3) to base 11.
88a424
Convert 6c135 (base 13) to base 9.
331466
What is 30201221 (base 4) in base 13?
1a477
-11c350 (base 13) to base 8
-1501446
-21131613 (base 7) to base 2
-110110100110111010000
Convert 43598 (base 14) to base 9.
267542
What is -cb4193 (base 13) in base 16?
-48eb0c
What is 323131020013 (base 4) in base 6?
1314020251
What is 11100001011011110 (base 2) in base 16?
1c2de
What is 123210322 (base 4) in base 3?
12201221111
11241131 (base 5) to base 7
605214
What is 1202221220202 (base 3) in base 8?
3463572
bd96 (base 14) to base 6
412052
Convert 36b9c (base 14) to base 6.
2512222
What is -1104dc (base 14) in base 3?
-1002022210110
What is -425410 (base 8) in base 6?
-3013452
What is -201152003 (base 6) in base 8?
-15030643
What is 825797 (base 10) in base 12?
339a85
What is 2654627 (base 8) in base 11?
468940
What is 1001000111101000100010 (base 2) in base 3?
11111110020100
Convert 41254604 (base 7) to base 4.
31030200212
Convert -1001110000 (base 2) to base 3.
-212010
-3d077 (base 14) to base 2
-100100110111110001
Convert 27a98 (base 13) to base 15.
17046
63261 (base 12) to base 16
1fba9
What is 40335 (base 13) in base 3?
12211110200
Convert a0d55 (base 15) to base 11.
31867a
Convert 125155 (base 9) to base 10.
75947
What is -1ab5b (base 14) in base 8?
-204775
43918 (base 11) to base 4
33202301
Convert 1022038 (base 9) to base 10.
546056
Convert -25d2b5 (base 16) to base 4.
-21131022311
-120101211010 (base 3) to base 10
-303132
Convert -55363631 (base 7) to base 15.
-643e72
-1b3aa39 (base 13) to base 16
-89a407
What is -2435305 (base 7) in base 11?
-1a311a
Convert -3413533 (base 6) to base 8.
-522241
Convert 263667 (base 14) to base 2.
101000001001100111011
What is 1030211232 (base 4) in base 8?
1144556
-10100101100111110010 (base 2) to base 4
-2211213302
Convert -12864a (base 12) to base 10.
-305050
11062576 (base 8) to base 12
970452
Convert -175735 (base 9) to base 3.
-12112211012
Convert -650384 (base 11) to base 4.
-3331321132
Convert 10a555 (base 11) to base 15.
36cd6
Convert -313112003 (base 4) to base 3.
-102111221222
What is 285b74 (base 13) in base 10?
984013
Convert -100111001110000100 (base 2) to base 5.
-20120034
-10110010100101110 (base 2) to base 15
-1c15d
Convert -11120211100 (base 3) to base 14.
-24c7c
What is 1000202020121 (base 3) in base 9?
1022217
Convert 4124341333 (base 5) to base 9.
16774205
Convert -14b2753 (base 12) to base 9.
-7832380
What is -702897 (base 12) in base 6?
-101233511
110010101010100100100 (base 2) to base 15
22bd9b
Convert 11222012011011 (base 3) to base 16.
284d7f
What is -4555404 (base 6) in base 3?
-102211220111
What is 11f68 (base 16) in base 15?
16c01
100202012221 (base 3) to base 5
22120022
Convert -203240 (base 9) to base 16.
-1d6a3
What is -101010000111011010 (base 2) in base 10?
-172506
What is -9355a (base 14) in base 7?
-3006043
-